 is the highest common divisor of j and 5?
5
Let x be 60/25 + 4/(-10). Suppose l + 2*i + 8 = 0, i + 5 = 5*l + x*i. Let a be 0/1 + l + 0. Calculate the highest common divisor of a and 8.
2
Suppose 45 = -g - 4*g. Let h be (5*3)/(g/(-12)). What is the greatest common factor of h and 140?
20
Suppose 0 = -4*o - d - 17, -8*o + d = -4*o + 23. Let l be 10/25 - 68/o. Calculate the greatest common factor of l and 14.
14
Suppose 72 = -2*c - 3*h, -4*c = -3*h + 4*h + 124. Let g = 42 + c. Let r(n) = 13*n + 6. Let a be r(6). Calculate the highest common factor of a and g.
12
Suppose -h + 180 = -72. Let n = h + -140. What is the highest common factor of n and 28?
28
Let k(x) = -x**3 - 4*x**2 - 2*x - 5. Let h be k(-5). Let p be (-3)/((-9)/h) + -2. Calculate the greatest common factor of p and 16.
8
Let o = -7 + 8. Let b be (3 - 0) + 2 + o. Calculate the greatest common factor of 3 and b.
3
Let w(x) = 2*x**2 - 10*x + 9. Let v be w(6). Calculate the highest common divisor of 168 and v.
21
Suppose -4*j + 465 = -3*r, -5*r = -4*j + 190 + 265. What is the highest common factor of 48 and j?
24
Suppose 7*g - 2*g + 52 = -3*a, -5*g = -2*a + 32. Let q(o) = o**3 + 10*o**2 + 12*o + 4. Let k be q(g). Calculate the highest common divisor of 18 and k.
18
Let k(c) = c**3 + 6*c**2 + 4*c - 3. Let r be k(-5). Let w = -33 - -12. Let h = 35 + w. What is the greatest common factor of h and r?
2
Let w(k) = 23*k**2 - 4*k - 2. Let q be w(4). Suppose 2*n = -3*n + q. What is the greatest common divisor of n and 14?
14
Let j be 4/10 - 118/(-5). Suppose -3*g - 75 = -2*n - 2*n, 0 = -4*n - 5*g + 35. Let o = j - n. What is the greatest common divisor of o and 27?
9
Let g = 50 - 28. Let s be 2/7 + 12/7. Suppose -6*j + s*j + 44 = 0. Calculate the greatest common factor of j and g.
11
Suppose 1 - 37 = -3*r. What is the highest common divisor of 84 and r?
12
Suppose 5*h = 3*v + 164, -h - v = -4*v - 28. Calculate the greatest common factor of h and 85.
17
Suppose 0 = 2*g + h - 70, h = 3*g - 0*g - 95. What is the highest common factor of g and 165?
33
Let z be 1/(1 - (-6)/(-9)). Suppose -r = -s + 3, -2*r - 7 = -z*s + 3. What is the greatest common divisor of 4 and s?
4
Suppose -4*r = r. Let p = r - -15. Calculate the greatest common divisor of p and 30.
15
Let z be 0 + 3 + 0 + -1. Suppose -4*y + 12 = 0, 5*p = 4*p - y + 25. Calculate the greatest common divisor of p and z.
2
Suppose -3*p - p = -280. What is the greatest common divisor of p and 28?
14
Suppose 4*v + 3*p - 145 = -0*p, -4*v = 2*p - 150. What is the highest common factor of v and 100?
20
Suppose t = -u + 13, 4*u = -11*t + 6*t + 60. Let x be (-2)/((1 - -1) + -4). Calculate the highest common divisor of x and t.
1
Let g(u) = -u**3 + 10*u**2 + 5*u - 9. Let k be g(9). Let o be 2/8 + k/12. What is the greatest common factor of 50 and o?
10
Let x(z) = 29*z - 31. Let j be x(3). Calculate the greatest common factor of j and 140.
28
Let q = -1 - -6. Suppose -4*w + 3*y - y = -106, 4*w - y - 103 = 0. Calculate the highest common divisor of q and w.
5
Let n = 433 + -262. What is the highest common factor of 57 and n?
57
Suppose -3*b - z + 6 = -4*z, 2 = 2*z. Suppose 5 = d + b. What is the greatest common factor of d and 6?
2
Let n = 20 - 2. Suppose -2*b - b = -n. What is the highest common factor of b and 48?
6
Suppose 4*f = 3*f + 50. Let c = -11 - -21. What is the greatest common factor of c and f?
10
Suppose 12 = -3*u - u, 45 = -2*n - 3*u. Let l = n + 30. Calculate the greatest common divisor of 4 and l.
4
Let u = -19 - -46. What is the highest common factor of 45 and u?
9
Let m = -2 - -16. Suppose -5*n + m = 2*f, 0 = -4*n - 5*f + 5 + 13. Suppose n*h = 3*t - 59, -h = -2*h + 2. Calculate the greatest common factor of t and 105.
21
Let u = 2 - -25. Suppose 0 = -4*o - 16, -5*n = o + 3*o + 31. Let l = 6 + n. Calculate the highest common factor of l and u.
3
Let r = -19 + 28. Let z be (20/(-6))/((-3)/r). Let j(f) = f**3 - 8*f**2 - 11*f + 10. Let u be j(z). What is the greatest common divisor of u and 20?
20
Suppose -3*v = 2 - 14. Suppose -2*b = b - 36. Calculate the highest common factor of b and v.
4
Suppose -2*c + 57 = c. Let h = 265 + -47. Suppose 0*a + 2*j - h = -4*a, 0 = -a - j + 52. What is the greatest common factor of a and c?
19
Let v be (-1)/3 - ((-210)/9 - 2). Calculate the highest common factor of v and 25.
25
Let i = -15 + 21. Let v(w) = 8*w - 3. Let z be v(i). Suppose -15 = -3*g + f - 4*f, -3*f = -g + 5. Calculate the highest common divisor of g and z.
5
Let j(u) = -15*u**3 + 2*u**2 - 2. Let m be j(-2). Suppose 3*f = m - 30. Calculate the highest common divisor of f and 4.
4
Suppose -3*i - 29 = -5*m, 3*m - 5*i - 4 - 7 = 0. Calculate the greatest common factor of m and 35.
7
Let k be ((-4)/(-6))/(3/(9*17)). What is the highest common divisor of k and 170?
34
Suppose 0 = -0*v + 2*v + 252. Let a = 196 + v. Calculate the greatest common divisor of 14 and a.
14
Let r be (-3 - (-4 + 3)) + 90. Let t be 22*(0 - (-3)/6). What is the highest common factor of t and r?
11
Suppose c + 5*o = -7, -3*c + 3*o = -70 + 1. What is the highest common factor of 15 and c?
3
Let o(u) = 2*u - 4. Let d be o(6). Let m = d + 5. Let w be 470/4 - 2/4. Calculate the highest common divisor of m and w.
13
Suppose -2*g + 135 = 3*g. What is the highest common divisor of 189 and g?
27
Suppose -5*v - x + 141 = 0, -4*v = -0*x - 2*x - 124. Calculate the greatest common factor of v and 58.
29
Suppose 3*u + 25 = -4*t, -u + 2*t - 19 = 2*u. Let a = -18 - -4. Let r be (-150)/a + (-2)/u. What is the greatest common divisor of r and 44?
11
Suppose -3*z + 6 = -i - 0*z, 4*i - 3*z = -6. Suppose 2*w + i*w = -5*v + 153, -v + 210 = 3*w. What is the highest common divisor of 46 and w?
23
Let m be (-1 - -2)/((-2)/(-4)). Suppose -2*f = -4, -y + 3*f = m*y - 18. Calculate the greatest common factor of 56 and y.
8
Let v be (-2)/(-7) + (-410)/(-35). Let d = -5 + v. Calculate the highest common factor of d and 7.
7
Let j = 9 + -5. Suppose j*f + 34 = 6*f. Let p = -118 - -254. Calculate the greatest common divisor of p and f.
17
Let u = 9 + -5. Suppose -u*g + 3 = 3*f - 6*f, 3*g - 12 = -f. Suppose 6 = g*p - p. Calculate the greatest common factor of p and 1.
1
Suppose 19 = u - 4*h, -28 = 5*h - 8. Suppose -p + 4*k + 36 = 0, -k = 1 + u. What is the highest common divisor of 2 and p?
2
Let h = 41 + -25. Calculate the greatest common divisor of h and 64.
16
Let y(c) = 2*c + 46. Let o be y(-11). Calculate the highest common divisor of 12 and o.
12
Let n(y) = 2*y**2 - 4*y - 2. Let u be n(4). What is the greatest common divisor of 42 and u?
14
Suppose 0 = 6*i - 3*i - 168. Let f = -36 + i. What is the highest common factor of 5 and f?
5
Suppose 24 - 2 = 2*n. Suppose 5*w + 4*v - n = 0, -w - 7*v = -2*v + 2. Calculate the highest common divisor of w and 30.
3
Let h(f) = 3*f**2 - 2*f + 2. Let y be h(4). Calculate the highest common divisor of y and 6.
6
Suppose 3*z = -6*h + h + 21, z = h - 1. Suppose 0*v + 27 = h*v. Suppose 0 = q + 3*q - 2*p - 152, q - 56 = 5*p. What is the highest common divisor of q and v?
9
Let d(o) = o**2 - 2*o. Let j be d(4). Suppose -5*p + 44 + 156 = 0. Calculate the highest common divisor of j and p.
8
Suppose 0 = 17*b - 21*b + 68. Calculate the highest common factor of b and 323.
17
Suppose -4*o + 5*o - 2 = 0. Suppose 0 = 5*d - 15, p + 54 = -p - o*d. Let t = 47 + p. What is the highest common factor of t and 85?
17
Let b = 28 + 8. Suppose -3*a + 9 = -3*n + b, 18 = 2*n + 3*a. Calculate the greatest common divisor of 27 and n.
9
Let i be (2/4)/((-2)/(-12)). What is the greatest common divisor of 3 and i?
3
Suppose 2*m - 35 - 24 = g, 4*m - 3*g = 113. Let s = 10 - 6. Suppose -42 = -s*i + f, -2*i = -f + 6*f - m. What is the greatest common divisor of i and 1?
1
Suppose 0 = -d + 31 + 248. What is the greatest common divisor of d and 31?
31
Let v = 13 + -7. Let y(r) = -r**3 + 8*r**2 - 8. Let h be y(v). Suppose 3*c - a - 63 = 7, -h = -2*c + 5*a. What is the highest common factor of c and 2?
2
Let p be (-2)/(-3) + 37/3. Suppose g - b = -32, 0*g - 2*g - 4*b - 64 = 0. Let u be 2 + -5 + g/(-2). Calculate the highest common factor of u and p.
13
Let o(r) = r. Let p be o(0). Let s(d) = d**2 + 1. Let q be s(p). Let b = 2 + q. Calculate the highest common factor of b and 2.
1
Let r(m) = m**3 + 10*m*